92)).
-43
What is -53 - (47 - (77 - -16))?
-7
-22 - (141 - 73) - -72
-18
What is the value of 36564 + -36567 - (1 + 0 - 99)?
95
What is (5 - -77) + (-47 - 19) + 58?
74
What is 44 - (-29 - (-15 + 28 - 41))?
45
What is the value of 36 + (26 - (-13 - 29 - -20))?
84
Calculate 21 - 15 - -13 - (4 + -28).
43
What is -55 + -2 - (-16 + 24 + (-16 - (-3 + 4)))?
-48
16 - 9 - (-15 + (-2 - (0 - 8))) - 10
6
Calculate 5 + -5 - 60 - (20 + (-12 - (-18 - -17))).
-69
What is the value of (-223 - -262) + (0 - 83)?
-44
Calculate 3 + (25 - 2) + (-10 - 8).
8
Evaluate 0 + (9 + -11 + 5 - -7 - 53).
-43
Calculate 62 - 31 - 48 - -44.
27
What is the value of -2 + 47 + (-5 - -32) + -216 + 184?
40
Evaluate (4 - 54) + 1258 + -1265.
-57
Calculate (17 - -2) + 6 + (-18 - (7 - 9) - -9).
18
What is the value of 1 + 16 - (2947 + -2933)?
3
What is the value of 10 - (104 + -26) - (6 - (-1 - 13))?
-88
Evaluate (67 + -4 - 99) + -1 + -22.
-59
Evaluate -128 - (-117 - (134 + -220)).
-97
(2 - 24) + 185 + -144
19
What is (35 - -14) + -87 - (-2 - -1)?
-37
Evaluate -137 + 126 - (8 + 1).
-20
-53 + 49 + (4 - 1) - (-9 + 7 + -26)
27
What is the value of 1 + 16 - (36 + (-83 - -43))?
21
Evaluate (-87 + -16 - -58) + 8 + 139.
102
Calculate 7 - 2 - (15 - (-34 - -27)).
-17
What is the value of 2 + 6 + (1 - -7) + -5 + -7 + -4?
0
What is the value of (25 - (-29 - (-11 + -3))) + -11?
29
What is (136 - 3) + -15 - 13 - (-6 - -4)?
107
What is 1 + (69 - (-52 - -17)) + -2 + 1?
104
What is the value of 34 - -7 - (13 + -18 + -1 - -1)?
46
What is 1 - -57 - (322 + -309)?
45
What is the value of 4 - (-3 + 3) - 3 - (-36 - -32)?
5
What is 337 + -365 - (5 - -19)?
-52
What is the value of 86 - ((-3 - 1) + -21 + 37 - 7)?
81
Evaluate -12 + -21 + -20 + 31.
-22
What is 9 - (40 + -12 - 12) - (-2 + (3 - -17))?
-25
12 - (23 - (11 - (34 + -16)) - -21)
-39
Evaluate -3 + (12 - 1 - -2) + (-53 - -2).
-41
3 - ((4 - -13) + -138 + 7 + 34)
83
What is the value of -33 + -28 + 28 - (-130 - -24)?
73
What is the value of 132 + (-39 - -62 - (18 + 0 + 5))?
132
What is -10 - (33 + (-1 - -5) - (26 + -33) - -1)?
-55
Calculate -70 - (-54 - (-90 - -28)).
-78
What is 10 + (-1 + -1 - (21 + -37 - -19))?
5
(3 - -8 - (-3 + -1)) + -7 - (-339 - -263)
84
What is the value of (-20 + (16 - -4) - (-5 + 1)) + -25?
-21
Evaluate -102 + ((-19 - -19) + -9 - 3 - -4).
-110
What is the value of 531 - 452 - (156 + -11)?
-66
Evaluate 5 + -84 + (25 - (10 - -22)).
-86
-4 - ((-54 - -10) + 3 - (5 + -1))
41
Evaluate -1 + 46 + 9 - (6 + 9).
39
-29 + 9 + -9 + 30 + -2 + -30
-31
0 - (23 + -21 - 14 - -19)
-7
Evaluate -28 + -1 + (394 + -404 - (-7 - -1)).
-33
Evaluate 1 + -28 - (3 + -29 + 14 - -7).
-22
What is -7 + 4 - (-2 - -2 - -3) - (211 + -259)?
42
-35 + -8 + 32 + (50 - -5) + 1
45
-32 + 53 + -19 + -29
-27
What is (41 - 5 - 141) + (29 - 16)?
-92
Calculate (24 - (-1 - -1)) + (30 - (25 + -11)) + -13.
27
Evaluate 31 - 26 - (-4 - (0 + 2 + 0) - -16).
-5
What is -36 + (0 - (-110 + 48))?
26
What is the value of -15 + -28 + -62 + 151?
46
Calculate -7 + (130 - 18) + -80.
25
0 + (24 - 85 - -59)
-2
What is the value of -37 - (-11 - -62 - 53)?
-35
9 + -3 - 3 - (-329 + 338) - 23
-29
Calculate -96 + 123 + -98 + 92.
21
What is the value of (0 + (25 - 1) - 8) + -12 + 11?
15
Calculate -842 + 878 - (5 - (51 - -1)).
83
Calculate 16 + (-3 + 2 + -17 - (-12 - (-9 + 5))).
6
What is -249 - -264 - (41 - 13)?
-13
Evaluate -27 - (2 + -1) - (1505 + -1610).
77
What is 14 + -33 - (4 - 62)?
39
What is -15 + (-50 - (48 - 55))?
-58
Calculate -45 + 32 + (2 - (6 + 7 + 7)).
-31
Evaluate (-73 + 25 - -69) + (-3 - 52).
-34
Calculate -4 + 15 + -23 - (-69 + (8 - 12)).
61
15 + -7 + 3 - (0 - (-9 - -2))
4
(6 - (6 - 21)) + (-752 - -742)
11
Calculate 3 - 28 - (76 - (26 + 19)).
-56
11 + -10 - 26 - -21
-4
What is the value of 889 + -890 + 0 + 17?
16
What is 5 + (-10 - -15 - 2 - 2)?
6
Calculate 74 + (5 - (27 - (14 + 0))) + 6.
72
What is the value of 11 - (-134 + 260 + -139)?
24
Calculate 83 + (-112 + 72 - 64).
-21
Evaluate (-33 - (14 + (-15 - -3) + 6)) + -5 - 0.
-46
16 + -93 + (-51 - -124)
-4
Evaluate (69 - 124) + (6 - -19).
-30
Calculate 21 + -14 + 5 - (-9 + 118 - -3).
-100
What is (2 - -5) + -5 + -1 + (8 - 15)?
-6
39 + (45 - 4 - (140 - 79))
19
What is the value of 84 - (64 + 175 + -88)?
-67
What is 39 - (40 + -53 + -5)?
57
Evaluate 4 + (-7 - -18) - (82 - 107).
40
What is the value of 15 - (-7 + (-8 - (-31 + 11)))?
10
What is (1 - (-1 + -1 + 6 + -16)) + 59?
72
What is -17 - (-2 + 8 - 13) - (-6 + -7)?
3
What is the value of 9 + -95 + 92 + 27?
33
Calculate (-61 - (4 + -4)) + (4 - -2) - (-53 + 48).
-50
-7 + -3 + 9 + 7 + (5 - 8) + -66
-63
-118 - -87 - (-60 - -5)
24
Calculate (-1 + -35 - (14 - (11 - 4)) - -11) + -9.
-41
Evaluate -4 + 4 + (5 - 0) + 0 - (-220 - -122).
103
30 + 4 + -3 + 2 + (-130 - -130)
33
What is 6 + (51 + -70 - 30)?
-43
What is 13 + -15 + (4 - 2) + 6 + 1 + -67?
-60
-1 + -2 - (4 + (3 - (24 - 16))) - -26
24
Calculate (1 - -40) + (-9593 - -9606).
54
What is the value of (1 - -10) + -14 + -9 + 5 - (5 - -6)?
-18
What is 1600 - 1609 - (-1 - -28)?
-36
46 + (-5 - 27) + (-41 - (0 + -1))
-26
Evaluate -9 + 2 + (18 - -8 - 26).
-7
What is 87 - (-57 - (-40 - 31))?
73
-1697 + 1698 + (1 - (1 + -13))
14
Calculate 13 - (-4466 - -4466 - (-22 + 1 + 0)).
-8
Evaluate -62 + 169 + 0 + 20.
127
(11 - ((66 - 62) + (4 - 0))) + 5 + 64
72
What is -68 - (14 + 38 - 18) - -26?
-76
What is the value of (17 - -12) + 25 - (0 + 2 - (2 - 7))?
47
Evaluate 7 + -32 - (11 + -40 + 44).
-40
What is the value of -5 + -5 + -1332 + 1378?
36
Evaluate (-23 - -20) + (-15 - -20 - (18 - (1 - -3))).
-12
Calculate 40 - (-3 + -16 + 12 + (6 - (1 - -5))).
47
Calculate (-3 + -4 + 14 - -4) + (12 - 1).
22
Evaluate -37 + 43 + -50 + 35 - (1 + 104).
-114
Evaluate (-25 - -3 - 3) + (4 - -5).
-16
Calculate (0 - 3) + 4 - (46 + -11 + -21) - -11.
-2
128 - 37 - 75 - 98
-82
What is (58 + -37 - (-2 - -41)) + -4?
-22
2 + -9 + -2 + (61 + -135 - -25 - -29)
-29
Evaluate -57 - (-128 - -54) - (-3 - -73).
-53
What is 28 + 0 + 0 + 2 - (1389 + -1401)?
42
What is the value of -11 - (-176 - -98 - -144)?
-77
Calculate 3 + 1 - (-40 + (15 + -9 - -14)).
24
Evaluate 2 + 51 + 208 + -248.
13
What is the value of (-7 - -21) + (-30 - -3) - -2?
-11
What is 13 + 3 - 32 - (12 + -17 + 27)?
-38
Evaluate 0 - -8 - (-17 - (4 + (-2 - 5)) - 44).
66
Evaluate 21 - (-60 + (50 - -70)).
-39
Calculate (-116 + -167 - -150) + (-3 + -2 + 5 - 2).
-135
What is the value of 50 - (-94 + 80 - (-44 - 7))?
13
(-29 - -67) + (-23 - -7) - (-4 - 1)
27
Evaluate 76 + (92 - 322) + 30.
-124
What is 10 - ((-1 - -5) + -1 - (153 + -141))?
19
Calculate (-1099 - -1083 - (-7 + 1 + 0)) + (4 - -7).
1
What is the value of 6 + -13 + -53 - (-31 - -8)?
-37
What is the value of 48 - (-14 + 41 + -14)?
35
Evaluate -1 + (-13 - (-11 - (-50 + 1 + 10))).
-42
What is the value of -46 - (90 + 10 - 88)?
-58
Calculate (2 - (-14 + 5 + -7) - -16) + 2 + -2.
34
Evaluate -651 - -565 - (3 + -239).
150
Evaluate -3852 - -3822 - (-43 + 0).
13
(8 - (10 - 19)) + -104 + 72 + -100
-115
What is the value of -9 - (61 - 26 - 15 - (6 - -1))?
-22
-14 + -2 - (-1365 + 1386) - -119
82
Calculate -4432 + 4430 + (-9 - -1).
-10
Evaluate (1 - 7) + 14 - (-22 + 24) - 55.
-49
Evaluate -20 - (-4 + (-40 - -28)).
-4
What is -9 - (-1 - 30 - (-34 + -21 + 39))?
6
What is -48 - (-47 - 19) - (2 + 21)?
-5
Evaluate -65 + (161 - (-74 + 127)).
43
Calculate ((-35 - -18) + 37 - -17) + -21.
16
Calculate (-3 + 40 + (-42 - -35) - (-2 + 18)) + -47.
-33
Evaluate 34 - (-49 + 36 + (8 - -12)).
27
36 + -8 + -17 + 10
21
What is the value of (40 - 40) + 2 + 2 + -36?
-32
What is the value of (2 + -26 - 3) + (-38 - (29 + -27) - -34)?
-33
Calculate -122 + 60 - -1 - 18.
-79
Evaluate 300 + -268 - (9 - 0).
23
What is 5 + 3 + (11 - (-6 + -3 + 14)) + 4?
18
What is the value of (71 - 129 - -21) + 85?
48
(32 + -4 + 3 - -3) + (18 - (27 - 15))
40
What is 84 + -2 + (2954 - 3047)?
-11
What is the value of -88 - (37 + -37 - 49)?
-39
What is -381 - -352 - (-3 + (4 - 2) + (-9 - -2))?
-21
What is the value of 52 - (18 + -49 + 17 - 12)?
78
Calculate (-63 - 1) + 3975 + -3933.
-22
Calculate 28 + -36 + -9 + 8 + -30.
-39
What is 3 + 34 + -971 + 959?
25
What is the value of (53 - -22 - (-6 + (14 - -11))) + -12?
44
Evaluate 1 - ((7 - (-7 - -4)) + -2 - -9).
-16
Calculate (3 - 9) + -5 + 1 + 8 + (-388 - -468).
78
What is -63 - (-5 +